isor of i and 22.
11
Let y(p) = p**2 + 5*p + 1. Let k be y(-4). Let q = -1 + 4. Let o = q - k. What is the greatest common factor of o and 60?
6
Let m = 4 - 4. Suppose 4*a = -2*x + 6, 3*a - 5*x = -m*a + 37. Let y(d) = 5*d**2 + 2*d. Let n be y(-2). Calculate the greatest common divisor of n and a.
4
Suppose -2*k + 2*p = -48, -2*p = p - 12. Let u = -21 + k. Calculate the highest common divisor of u and 14.
7
Let o be ((-6)/3*2)/(-1). Calculate the greatest common factor of 8 and o.
4
Suppose y + 0*y - 22 = 0. Suppose 2*z - 75 = 189. What is the highest common factor of z and y?
22
Let m be -2 - -4 - 13/(-1). Calculate the highest common factor of 5 and m.
5
Let j = -211 + 143. Let v = j - -95. What is the highest common divisor of 18 and v?
9
Let s(m) = -23*m - 8. Let f be s(-6). Let n = 4 + 1. Let u be n/(40/(-52))*-2. Calculate the highest common divisor of u and f.
13
Suppose s = 97 + 23. Suppose 3*f = -0*f + s. What is the greatest common factor of 10 and f?
10
Let m = -5 - -6. Let c be 0/((m + -2)*-1). Suppose c = -3*s - 17 + 65. What is the highest common divisor of 2 and s?
2
Let q = 8 - 6. What is the greatest common factor of 5 and q?
1
Let x(o) = -11*o - 24. Let i be x(-13). What is the greatest common factor of 17 and i?
17
Let b(l) = -2*l. Let d be b(-2). Suppose -10 = -4*w + 246. Suppose w = -0*r + 2*r. Calculate the highest common factor of d and r.
4
Let l(q) = -2*q - 3. Let k be l(-7). Let f = 31 - k. What is the greatest common divisor of 50 and f?
10
Let b(w) = w + 2. Let m be b(-1). Let k(p) = -13*p + 1. Let u be k(-1). Let i = 23 - u. What is the greatest common divisor of i and m?
1
Let g = -5 - -11. What is the greatest common divisor of 2 and g?
2
Let r be (-6 + -1)*-1*18/7. Let q(i) = i**3 + 2*i**2 + 2. Let n be q(2). What is the highest common divisor of n and r?
18
Let j = -7 - -7. Suppose -2*z = -j*z - 10. Let r = -3 + z. Calculate the greatest common factor of 10 and r.
2
Let r(m) = m**2 + m + 2. Let k(l) = -5 - 2*l + 4 + 7*l - l**2. Let q be k(4). Let u be r(q). What is the greatest common divisor of 14 and u?
14
Let y = -93 + 178. Calculate the greatest common factor of 17 and y.
17
Suppose 3*g + 4*x - 22 = g, 5*g - 2*x = 7. Suppose 4*f - 3*j - 78 = f, 0 = -5*f - g*j + 162. What is the highest common divisor of f and 10?
10
Let y be 25 + (5 - 10/2). Let o(t) = 2*t**3 - 3*t**2 - 7*t - 7. Let n be o(6). What is the greatest common factor of y and n?
25
Suppose 4 = l - 1. Let c be 2/9 - 1144/(-117). Suppose 3*a - 4*f + 1 - 36 = 0, 0 = -l*f - c. What is the greatest common factor of 9 and a?
9
Let i(o) = 3*o**2 - 12*o + 5. Let l be i(5). Calculate the highest common divisor of l and 60.
20
Suppose -4*z - 244 = -0*v - 4*v, 5*z = -3*v + 199. What is the greatest common factor of 9 and v?
9
Let t be 4 - ((-40)/(-2))/(-2). Calculate the greatest common divisor of 70 and t.
14
Suppose 0*j + 2*j - f = 45, 54 = 2*j + 2*f. What is the greatest common factor of 96 and j?
24
Let i = -106 - -148. Calculate the greatest common divisor of i and 6.
6
Suppose -88 = 31*a - 35*a. Calculate the greatest common divisor of 2 and a.
2
Let u = -18 - -34. Suppose -94 + 2 = -3*b + 4*y, -4*y = 2*b - 28. What is the greatest common divisor of b and u?
8
Let f be (1 - -21)*3/2. Let p be (-3 + -15)/((-3)/2). Suppose 6*o = 2*o + p. Calculate the highest common divisor of f and o.
3
Let w = -104 - -156. Let h(c) = c**2 + 4*c + 1. Let b = 10 + -16. Let m be h(b). Calculate the greatest common divisor of m and w.
13
Let y be 21164/442 + 4/34. Let j = 17 + -11. Calculate the highest common factor of y and j.
6
Let q be (-892)/((-4)/1) - (-3 - -2). What is the greatest common factor of 32 and q?
32
Let q = 73 + -37. Let v(z) = -z**2 + z + 1. Let j be v(0). Let d be (j - 2) + 22 + -3. What is the highest common factor of d and q?
18
Let t be 1 - (-3 + 2)*-1. Let d be -1 - t - (-2 - -10). Let a be (-1132)/d + (-4)/(-18). Calculate the greatest common divisor of 14 and a.
14
Let g be -2 + 36/15 + (-896)/(-10). What is the greatest common divisor of g and 30?
30
Let h be (2 + 0 + -1)*(45 - 3). What is the greatest common divisor of h and 105?
21
Let k(g) = 13*g**2 - g + 5. Let b be k(2). What is the highest common divisor of 5 and b?
5
Let s(f) = f. Let u be s(0). Suppose -5*m + l + 10 + 14 = u, m = -l + 6. Let a = -3 + m. Calculate the highest common divisor of 16 and a.
2
Let o = -12 - -24. Calculate the highest common factor of 4 and o.
4
Suppose 3*v - 26 = -5*t, -17 = -5*t + 3. Let o be 3/(-4) + (-1)/((-12)/81). What is the highest common factor of v and o?
2
Let z be (0 - (-5)/(-2))*-2. Let a(p) = -p**3 - 9*p**2 + 10*p + 5. Let u be a(-10). Calculate the greatest common divisor of u and z.
5
Let o be 2 - 52 - (3 - 3). Let w = o - -76. What is the highest common factor of 52 and w?
26
Let r be -2*(-46)/(-12)*-3. Calculate the greatest common factor of 92 and r.
23
Let n = 154 + -99. Let w = 37 - 15. Calculate the greatest common divisor of n and w.
11
Let h = 175 - 84. Let f be 2/(-2 + 84/39). Calculate the greatest common divisor of h and f.
13
Suppose -l - 3*l + 2*y = 126, -4*y + 49 = -l. Let a = l + 50. Calculate the highest common factor of 7 and a.
7
Suppose 5*n + 191 = 4*g, 6*n + 255 = 5*g + 3*n. Calculate the greatest common factor of g and 81.
27
Let y(x) = -x + 1. Let q(n) = -8*n + 8. Let l(r) = -3*q(r) + 15*y(r). Let j be l(6). What is the greatest common divisor of 9 and j?
9
Let i be -3*(10/3)/1. Let m be 2/(-3) - i/6. Calculate the greatest common factor of 1 and m.
1
Suppose 3*i - 336 = -0*i. Suppose -z - 24 = -i. Calculate the greatest common divisor of 8 and z.
8
Let u(c) = 19*c**2 - 4*c + 2. Let x be u(3). Let f(t) = 54*t - 139. Let d be f(3). What is the greatest common divisor of d and x?
23
Let g be (-3 + 4)/(2/14). Let u = g + 9. Calculate the greatest common divisor of 48 and u.
16
Let i(f) = -4*f - 10. Let d be i(-5). What is the greatest common divisor of d and 80?
10
Let d = 31 - 19. Let y(c) = 27*c + 1. Let b be y(-3). Let h be (7/(-4) + 1)*b. Calculate the highest common divisor of h and d.
12
Suppose i + 2*j = -2*i + 23, j = 3*i - 11. What is the highest common divisor of i and 5?
5
Suppose -3*z + 3*d + 39 + 243 = 0, 317 = 3*z + 4*d. Let a = z - 64. Let s be 288/21 + (-2)/(-7). What is the greatest common factor of s and a?
7
Let m be 3 + 8/1 - -1. Let g = m + 2. What is the greatest common factor of g and 126?
14
Suppose 3*m - 6 = m, -m = 4*a - 51. Suppose 3*l = l + a. What is the greatest common factor of 18 and l?
6
Let s(x) = x**3. Let m(y) = -6*y**3 + y**2 + y. Let b(q) = m(q) - 5*s(q). Let a be b(-1). Let t = 305 + -184. What is the greatest common divisor of t and a?
11
Let t(r) = -r**2 - 12*r - 17. Let p be t(-4). Calculate the greatest common divisor of 120 and p.
15
Let u = -4 - -6. Suppose 0 = -4*t + u*t + 110. What is the highest common factor of t and 11?
11
Suppose -d + 9 = n - 7, n = 1. Let w be -3*-10*15/6. Calculate the highest common divisor of d and w.
15
Let c = 2 + 0. Suppose -6*i + 3*i - 13 = -5*v, c*i + 2 = 2*v. Let p be 10 + -1 + 8/i. What is the highest common divisor of p and 1?
1
Suppose f = 5*u - 0*f - 11, -7 = -3*u + f. Suppose u*c + 42 = 5*c. Calculate the greatest common factor of 21 and c.
7
Let g = 2 - -2. Let i(u) = -u**2 + 6*u + 4. Let y be i(g). Calculate the highest common divisor of 84 and y.
12
Suppose 3 = 5*h - 7. Suppose 2*d = 10 - h. What is the highest common factor of 36 and d?
4
Let w = 8 - -18. Calculate the greatest common factor of w and 26.
26
Let l be (-3)/12 - 69/12. Let d be 6/4*(-28)/l. What is the greatest common divisor of d and 56?
7
Let t = 52 + -28. Let s(h) = -h - 1. Let x be s(6). Let q(m) = m**2 - 3*m - 10. Let b be q(x). Calculate the highest common divisor of t and b.
12
Let j(z) = 5*z**2. Suppose -5*n = -4*n - 2. Suppose n*y + 12 = -2*y. Let s be j(y). What is the greatest common factor of s and 15?
15
Let p(d) = -d**2 - 17*d + 11. Let x be p(-17). Calculate the highest common factor of x and 88.
11
Let h(o) = -9*o - 2. Suppose -4*m + 10 - 26 = 0. Let j be h(m). Calculate the highest common divisor of 51 and j.
17
Let m(j) = -10*j + 1. Let p be m(7). Let l = -45 - p. Suppose -3*r = r - 48. Calculate the greatest common divisor of r and l.
12
Let n(o) = -o + 